t is the units digit of m?
5
Suppose 34 - 13 = 3*h. Let c be -5*(-1 - h/(-5)). What is the units digit of (-198)/(-42) - c/7?
5
Let c = 3 - -1. Suppose -7*z + c*z + 12 = 0. What is the units digit of z?
4
Suppose 2*u = 6 - 0. Let q(c) = -c**2 + 12*c + 13. Let v(t) = -2*t**2 + 13*t + 14. Let x(z) = u*q(z) - 2*v(z). What is the units digit of x(-9)?
2
Suppose -5*c = -0*x + 4*x - 1, 0 = -4*c + 5*x + 9. Let n = 0 + c. What is the units digit of -1 + n + 3 + 2?
5
Let n = 18 - 32. What is the tens digit of (-4)/4 + n/(-1)?
1
Let t(k) = -k**2 + 8*k + 5. Let w be t(8). Suppose 5 + w = p. What is the tens digit of p?
1
Let t(l) = -l**3 - 17*l**2 - 17*l - 22. Let i be t(-16). Let u = 6 - i. What is the units digit of u?
2
Suppose 4*w = -3*c + 33, -3*w + 24 = 5*c - 9. Suppose 44 = 5*g - w. What is the units digit of g?
0
Let m(u) = u**2 - 10*u + 12. Let y be m(8). Let c(v) = -7*v + 5. What is the tens digit of c(y)?
3
Suppose 29 = 3*y + 11. What is the units digit of y?
6
Let h(d) = d**3 - 24*d**2 + 32*d + 31. What is the units digit of h(23)?
8
Let y = -3 - -34. Suppose d + 5*b + 17 = 0, d = b + b - y. Let f = -15 - d. What is the tens digit of f?
1
Suppose -3*n + 3 - 6 = 0. What is the units digit of 0*(n - -2) + 39?
9
Suppose -80 - 68 = -2*t. Suppose 2*y + 46 = 3*o, 5*o - 3*y = -y + t. What is the tens digit of o?
1
Suppose 0 = -3*w - m + 134, 0*w - 5*w + 214 = -3*m. What is the tens digit of w?
4
Let u(t) = -t - 2. Let d be u(-4). Let j(k) = 3 + 0 - 16*k + 15*k. What is the units digit of j(d)?
1
What is the units digit of (-2)/(-3) - 66/(-9)?
8
What is the tens digit of (18 + -30)/((-4)/18) - 1?
5
Suppose -3 = -3*a + 4*k, 4*a + 8 - 2 = 2*k. Let j be (1 - 0)/(2/12). Let d = a + j. What is the units digit of d?
3
Let p be -39 + -2 + (-1 - -2). Let r be (-2 - -1)*(19 - -2). Let m = r - p. What is the units digit of m?
9
Let q(g) = -g**2 - 7*g - 20. Let v be q(-5). Let f(s) = s**3 - s**2 - s + 30. Let h be f(0). What is the units digit of 306/h + 2/v?
0
Let s be 4/6*105/10. Let u = s + -7. Suppose u = -2*f + 5*f - 9. What is the units digit of f?
3
Let r = -2 + 7. Let m = r + -2. What is the units digit of ((-63 - m)/(-3))/2?
1
Let u be 14/3 - 4/(-12). Suppose -4*k + 3*k + 4 = 0, -4*t = u*k - 96. What is the units digit of t?
9
Let p(h) be the third derivative of h**4/24 + 2*h**3/3 + 4*h**2. What is the units digit of p(5)?
9
Let z(v) = -v - 7. Let s be z(-7). What is the units digit of (2 - -4) + (-2 - s)?
4
Suppose -3*t + 2*w + 24 = -t, 4*t = 2*w + 40. Let r(l) = -l**3 + 9*l**2 - 8*l + 6. Let x be r(t). What is the tens digit of 76/x - 5/(-15)?
1
Let b(a) = 16*a**3 + 2*a**2 + a. What is the units digit of b(2)?
8
Suppose 0 = 5*u - 1 - 14. Suppose u*f + f = -5*q + 18, 10 = q + 4*f. What is the units digit of q?
2
Let u be (3 + -2)/(1/67). Suppose -5*f + 128 = -u. What is the units digit of f?
9
What is the hundreds digit of (-2)/4 - 114/24*-34?
1
Let g(s) = 9*s - 2. Let w be g(3). Suppose -2*x + 27 = -w. What is the tens digit of x?
2
Let q(h) = -33*h + 3. What is the units digit of q(-5)?
8
Let k(c) = c + 1. Let t be k(0). Let a be 1 + t/(2/4). Suppose a*d - 6 - 9 = 0. What is the units digit of d?
5
Let r = -81 - -366. What is the tens digit of r?
8
Let v be 21/6 - 1/(-2). Suppose -v + 1 = -y. Suppose y + 2 = q. What is the units digit of q?
5
Let i = -19 - -12. Let l(b) = -b**3 - 6*b**2 + 3*b - 8. What is the tens digit of l(i)?
2
Suppose -3 = 3*y, -6*y + 52 = 3*g - 4*y. What is the tens digit of g?
1
Suppose -5*r - 3*p + 0*p + 494 = 0, -p = -r + 94. What is the units digit of r?
7
Let g(j) = j + 14. What is the units digit of g(-5)?
9
Let m(t) = t + 2. Let h be m(-3). Let a(r) = 11*r**2 - r. What is the units digit of a(h)?
2
Suppose 0 = l + 4*k + 16, 3*l - 2*k - 10 = -2. Suppose m = -4*h + 2, l*h + 4 = 2*m - 5*h. What is the units digit of m?
2
Suppose -3*v + 18 = 6, -2*v - 156 = -4*j. What is the tens digit of j?
4
Let b(j) = j**2 - 3*j - 5. Let g be b(5). Suppose -g*n + 23 + 12 = 0. Suppose -n - 1 = -2*i. What is the units digit of i?
4
Let r be (-1)/3 - (-246)/9. Let k be 102/r + (-2)/(-9). What is the units digit of 2*(-1)/k*-14?
7
Let g be (-764)/(-28) + 6/(-21). Suppose -4*p - g = 5*v - 213, 2*v - 64 = p. What is the units digit of v?
4
Let h(k) = -7*k - 15. What is the hundreds digit of h(-27)?
1
Suppose -47 = 2*d - k - 2*k, -3*k - 28 = d. Let z be (-90)/d*30/4. Suppose -3*u - 3*m + 11 = m, 5*u - 2*m = z. What is the units digit of u?
5
Suppose 458 - 130 = 8*d. What is the units digit of d?
1
Let g(d) = 2*d + 1. Let y be g(1). Let a = y - 1. What is the units digit of a?
2
Let h(u) = -u**3 - 9*u**2 - 7*u + 8. Let f be h(-8). Let m(p) = p**3 - p**2 - p + 16. What is the units digit of m(f)?
6
Suppose 2*s = 2*m + 10, s - 10 = 2*m + 5. Suppose 0 = -3*u + 4*u + 2, 0 = -2*n + 5*u + 2. Let p = n - m. What is the units digit of p?
6
Let r = 434 - 249. What is the tens digit of r?
8
Let u = 6 + -3. Let q(s) = s**3 - 4*s**2 + 4*s. What is the units digit of q(u)?
3
Let o = -2 + -1. Let t = o - -4. What is the units digit of t?
1
What is the tens digit of 220/10 + 1/1?
2
Suppose 6*n - 10 = 2*k + 4*n, 4*k + 5*n = 25. Suppose a - 2*a + 1 = k. What is the units digit of a?
1
Let c = 10 - 8. Let y be 108/15 - c/10. Suppose -v + 3*p + 5 = 0, -v - 3*p + 4 = -y. What is the units digit of v?
8
Let i(l) = -2 + 2 - 5*l. Suppose 0 = -4*d - 2*c + 6, -4*d + 4*c = -d + 23. What is the units digit of i(d)?
5
Let a(l) = 38*l + 5. What is the hundreds digit of a(3)?
1
Suppose 0 = -2*z - u - 7 - 46, 2*u + 2 = 0. Suppose 0 = 3*p + 29 + 4. Let l = p - z. What is the units digit of l?
5
Suppose 0 = -0*y - 3*y. Suppose y = 6*w - 2*w - 52. What is the units digit of w?
3
Suppose -4*x - 141 - 91 = 0. Let r = x + 92. What is the units digit of r?
4
Suppose -5*d - 3 = -8*d. What is the units digit of d?
1
Let a(t) = -t**2 + 8*t + 11. What is the tens digit of a(5)?
2
Let x(u) = u - 3. Let k be x(2). Let m be (-2 - -3)/(k/13). Let h = m + 23. What is the tens digit of h?
1
Suppose -5*u + 61 + 344 = 0. Let r = 13 - 18. What is the units digit of r*(u/(-15) - -3)?
2
Suppose 0 = -2*k + 5*k. Suppose 4*v - 2*z - 194 = k, 2*v + 3*z - 109 = 8. What is the tens digit of v?
5
What is the units digit of ((-326)/(-6))/((-5)/(-15))?
3
Let y(r) = r + 19. Let v be (2 - (3 - 11))/(-1). What is the units digit of y(v)?
9
Let k(m) = -m**3 - 7*m**2 - 12*m - 4. Let r be k(-9). What is the units digit of r/21 - (-2)/6?
3
Suppose 0 = 3*f + 2*f - 50. Let x(c) = c**2 - 9*c - 4. What is the units digit of x(f)?
6
Let x(w) = -2*w**3 - 5*w**2 - 3*w + 2. Let r be x(-3). What is the units digit of (-1)/2*(-2 - r)?
1
Let g(b) = -b**3 - 5*b**2 - b**2 + 2*b**2 - b**2 - 4 - 7*b. What is the units digit of g(-4)?
8
Let l = 1 + -1. Suppose l = n - u + 1, 8*n + 2*u = 3*n + 16. What is the units digit of n?
2
Let u = 41 + -14. Suppose 0 = -3*i + u + 6. What is the tens digit of i?
1
Suppose 3*x - 19 = -4. Suppose 4*t - 3*u - 30 = -u, -12 = -3*t + x*u. What is the units digit of t?
9
Suppose 10 = -m - 6. Let g = 24 + m. What is the units digit of g?
8
Let z = 440 + -244. What is the units digit of z?
6
Suppose 3*y - 14 - 16 = 0. Let v be (-2)/4 - 55/y. What is the units digit of ((-4)/6)/(2/v)?
2
Let u(i) be the first derivative of 4*i**3/3 + 1. Let j be u(-3). What is the units digit of j/16*(2 - -2)?
9
Suppose -5*j + 2*u = -16 - 136, j = u + 28. Let z(l) = 3*l + 7. Let t be z(3). Suppose -3*x + j = -t. What is the units digit of x?
6
Let f be (4/8)/((-1)/14). Let r = 12 + f. Suppose -h + 5*h + 2*d - 30 = 0, -h + r = d. What is the units digit of h?
0
Let n = -5 + 8. Let q(i) = i**3 - 3*i**2 + i - 1. Let o be q(n). Suppose 2*j - 10 = 0, o*z + 2*z - j = 39. What is the units digit of z?
1
Let w(h) = -3*h**2 + 5*h - 2. Let x be w(5). Let s be (-8)/(-28) - x/14. Suppose -s*n + n + 24 = 0. What is the units digit of n?
8
Let d = -53 - -121. What is the units digit of d?
8
Let o be (-2)/(1*1/(-9)). Let y be ((-12)/9)/((-4)/o). What is the units digit of ((-6)/2)/(y/(-16))?
8
Suppose 3*w - 105 = -2*n, -w - 20 + 59 = 2*n. What is the units digit of w?
3
Let z = 3 + -3. Suppose -3 = -t - z. Suppose 0 = -3*k + 12 + t. What is the units digit of k?
5
Suppose 3*r = 5*r - 2. Let y be 2 - (r*-4 + 2). Suppose p - 6 = n,